a multiple of 180?
True
Is 5901975 a multiple of 2?
False
Is 27 a factor of 18665073?
True
Does 7 divide 99649872?
True
Is 1406 a factor of 188698834?
False
Does 815 divide 127533009?
False
Is 2538708444 a multiple of 2231?
True
Is 875977178 a multiple of 2603?
True
Is 118719936 a multiple of 18?
True
Is 25 a factor of 638543300?
True
Does 63 divide 36087850?
False
Is 24 a factor of 12257658?
False
Is 30779155 a multiple of 653?
True
Is 4 a factor of 990179160?
True
Is 214273215 a multiple of 45?
True
Is 365 a factor of 83383885?
True
Is 881792249 a multiple of 241?
True
Does 774 divide 229831560?
True
Is 83 a factor of 1509324841?
False
Is 6107 a factor of 181554797?
False
Does 240 divide 135885120?
True
Is 1707 a factor of 72834109?
False
Does 9 divide 16960684?
False
Is 81 a factor of 73942065?
True
Does 29 divide 15399974?
False
Is 3332049588 a multiple of 1764?
True
Is 733478565 a multiple of 707?
False
Does 2705 divide 45684366?
False
Is 6 a factor of 236946596?
False
Is 41282820 a multiple of 171?
True
Does 9 divide 133695568?
False
Is 317566163 a multiple of 192?
False
Is 5927 a factor of 352751332?
True
Is 82499340 a multiple of 66?
True
Is 397222095 a multiple of 11?
False
Is 17 a factor of 85593317?
True
Does 2718 divide 99682650?
True
Is 40 a factor of 4946429256?
False
Does 115 divide 1857595?
True
Is 44917985 a multiple of 2897?
True
Is 19 a factor of 95813518?
False
Is 380083840 a multiple of 79?
False
Does 758 divide 1096337848?
True
Is 20405779 a multiple of 9?
False
Is 76 a factor of 15842124?
True
Does 12898 divide 1887074870?
False
Is 266 a factor of 1373783068?
True
Is 1879338487 a multiple of 13?
True
Is 6312364 a multiple of 20?
False
Is 9 a factor of 750586905?
True
Is 88670446 a multiple of 124?
False
Does 34 divide 17107066?
True
Does 50 divide 6615550?
True
Is 2 a factor of 4277788?
True
Is 39531012 even?
True
Is 35 a factor of 10532410?
True
Is 560 a factor of 2417054140?
False
Does 1435 divide 25863034?
False
Does 420 divide 46832520?
True
Does 747 divide 53710794?
True
Is 109068704 a multiple of 3494?
True
Does 11 divide 1074156622?
True
Is 66 a factor of 54084954?
True
Is 68247384 a multiple of 4794?
True
Does 3842 divide 219577984?
True
Is 205 a factor of 148396308?
False
Is 3588 a factor of 2835800916?
True
Is 380516827 a multiple of 66?
False
Is 77821703 a multiple of 29?
True
Does 278 divide 31449?
False
Is 28 a factor of 3375163?
False
Is 185 a factor of 277352925?
True
Is 77 a factor of 676847941?
True
Is 18 a factor of 348806514?
False
Is 29600195 a multiple of 31?
True
Is 1963385652 a multiple of 12?
True
Is 23 a factor of 15544435?
True
Does 893 divide 8920177?
True
Is 42 a factor of 841935380?
False
Is 876127910 a multiple of 14?
True
Is 9 a factor of 1570736?
False
Does 388 divide 1393311061?
False
Is 810440786 a multiple of 253?
False
Does 348 divide 130259662?
False
Is 129273720 a multiple of 590?
True
Is 19 a factor of 20076958?
True
Does 19 divide 1456241016?
True
Does 72 divide 2239050384?
True
Does 46 divide 2127501702?
True
Does 913 divide 53278875?
False
Is 143923892 a multiple of 28?
True
Does 190 divide 106836050?
True
Is 2159553669 a multiple of 2846?
False
Does 1887 divide 341599694?
False
Is 7 a factor of 1230345?
False
Is 1354792876 a multiple of 8579?
False
Does 187 divide 60309083?
False
Is 198 a factor of 6315210?
True
Is 632350320 a multiple of 120?
True
Does 11 divide 323817723?
False
Is 91 a factor of 54638311?
True
Does 4247 divide 1749956115?
False
Is 883407119 a multiple of 143?
False
Does 493 divide 382474330?
True
Is 106 a factor of 2061108614?
False
Is 105 a factor of 2596803?
False
Does 12 divide 11261136?
True
Is 33 a factor of 31023598?
False
Is 209571636 a multiple of 43?
False
Is 30 a factor of 40498770?
True
Is 23690365 a multiple of 1137?
False
Is 25044228 a multiple of 324?
True
Does 435 divide 133883195?
False
Is 6742046 a multiple of 186?
False
Does 721 divide 13740097?
True
Is 111 a factor of 23475771?
False
Is 642484979 a multiple of 795?
False
Is 795849312 a multiple of 24?
True
Is 96858804 a multiple of 39?
False
Does 2015 divide 452033010?
True
Does 67 divide 398961148?
True
Is 589590532 a multiple of 2414?
True
Does 20 divide 4438300?
True
Does 26 divide 1450094646?
True
Is 1860 a factor of 2759983320?
True
Does 4286 divide 1152934?
True
Is 1336513368 a multiple of 12?
True
Does 37 divide 25749040?
True
Is 27 a factor of 55857596?
False
Is 103807623 a multiple of 54?
False
Is 8 a factor of 33140744?
True
Is 3150 a factor of 497097227?
False
Does 59 divide 66063067?
True
Is 34 a factor of 83769676?
True
Does 410 divide 2775813570?
True
Is 18130541 a multiple of 11?
True
Does 188 divide 51187888?
True
Is 84044298 a multiple of 39?
True
Is 1296308 a multiple of 20?
False
Does 40 divide 445413093?
False
Is 214 a factor of 60006028?
True
Is 407 a factor of 5587296?
True
Does 123 divide 74047149?
False
Is 78075486 a multiple of 422?
True
Does 10109 divide 3734236890?
False
Is 74103800 a multiple of 190?
True
Does 25 divide 1525523600?
True
Does 93 divide 182000721?
True
Is 612409784 a multiple of 2296?
True
Does 2750 divide 232554597?
False
Is 962703253 a multiple of 3?
False
Is 21 a factor of 8491308?
True
Does 102 divide 884867696?
False
Is 1080788907 a multiple of 6757?
True
Is 583266703 a multiple of 2587?
False
Is 153 a factor of 18082917?
True
Is 30 a factor of 686102550?
True
Does 16 divide 268639771?
False
Is 11874534 a multiple of 21?
True
Does 433 divide 16755429?
False
Is 177 a factor of 124488525?
True
Is 22 a factor of 134857624?
True
Is 450 a factor of 1115536050?
True
Is 22 a factor of 649647944?
True
Does 38 divide 37309388?
True
Does 198 divide 633057160?
False
Is 111373512 a multiple of 8?
True
Does 18 divide 49885146?
True
Is 54911997 a multiple of 1597?
False
Does 42 divide 283687236?
True
Is 571487337 a multiple of 187?
False
Does 180 divide 458293070?
False
Does 7 divide 98068530?
True
Is 184 a factor of 47014058?
False
Does 63 divide 16878608?
False
Is 27 a factor of 89938323?
True
Is 1469720 a multiple of 5?
True
Does 24 divide 2940019728?
True
Is 611 a factor of 72105943?
True
Is 1692793820 a multiple of 10574?
False
Is 389 a factor of 55944813?
True
Does 1204 divide 313893636?
True
Is 214878672 a multiple of 12?
True
Does 1077 divide 1572005266?
False
Is 204173422 a multiple of 34?
False
Is 9311606 a multiple of 298?
True
Is 4773 a factor of 147342510?
True
Is 599 a factor of 107095284?
False
Is 1876221087 a multiple of 136?
False
Is 61479099 a multiple of 477?
True
Does 2675 divide 28820450?
True
Is 1664 a factor of 137818995?
False
Does 6 divide 7381568?
False
Is 4906362 a multiple of 25?
False
Is 3990 a factor of 275996319?
False
Is 516148416 a multiple of 693?
False
Is 4574918054 a multiple of 9422?
True
Is 4508460 a multiple of 37?
False
Is 255784438 a multiple of 174?
False
Is 29 a factor of 123577516?
False
Is 403 a factor of 227372972?
False
Is 33597915 a multiple of 2644?
False
Is 130 a factor of 173357938?
False
Does 740 divide 565095820?
True
Is 729 a factor of 1720648494?
True
Does 20 divide 11249077?
False
Is 306 a factor of 2412275724?
True
Is 380256909 a multiple of 598?
False
Is 941039 a multiple of 2167?
False
Is 35051149 a multiple of 1403?
True
Is 22951047 a multiple of 22?
False
Is 649 a factor of 239669043?
False
Does 125 divide 66098250?
True
Does 22 divide 808977464?
False
Is 203 a factor of 33962509?
True
Is 2749 a factor of 32960510?
True
Does 12 divide 1061447616?
True
Is 195892972 a multiple of 758?
True
Is 48376080 a multiple of 45?
True
Is 1852 a factor of 313747587?
False
Is 157 a factor of 47129516?
True
Is 1436 a factor of 16536976?
True
Is 836526003 a multiple of 4?
False
Does 240 divide 95531974?
False
Is 90 a factor of 17859766?
False
Is 382 a factor of 957332492?
True
Is 68 a factor of 22508?
True
Is 2396118208 a multiple of 1405?
False
Is 6015853 a multiple of 91?
False
Does 4333 divide 80951376?
False
Is 2003665 a multiple of 157?
False
Is 62826 a multiple of 770?
False
Is 8 a factor of 43196024?
True
Is 5283565544 a multiple of 51?
False
Is 12 a factor of 46474174?
False
Is 118 a factor of 29397538?
False
Is 5 a factor of 45923525?
True
Is 8287 a factor of 2960533251?
False
Does 400 divide 2349938?